{"id":2264,"date":"2017-09-22T16:00:20","date_gmt":"2017-09-22T15:00:20","guid":{"rendered":"http:\/\/delanouearchi.fr\/?page_id=2264"},"modified":"2017-09-22T16:21:49","modified_gmt":"2017-09-22T15:21:49","slug":"schmalkalden-conception","status":"publish","type":"page","link":"https:\/\/delanouearchi.fr\/index.php\/schmalkalden-conception\/","title":{"rendered":"schmalkalden-conception"},"content":{"rendered":"<p style=\"text-align: center;\"><a  class=\"pixcode  pixcode--btn  btn  kiko-projets\" href=\"http:\/\/delanouearchi.fr\/index.php\/frontpage\/projets\/\" ><i class=\"pixcode  pixcode--icon  icon-th    small  \"><\/i> Projets<\/a>\n<p>&nbsp;<\/p>\n<i class=\"pixcode  pixcode--icon  icon-e-info-circled    medium  \"><\/i>\u00a0<strong>Description<\/strong><\/p>\n<p>Schmalkalden, ville magnifique \u00e0 l\u2019urbanisme m\u00e9di\u00e9val, fut lourdement bombard\u00e9e durant la derni\u00e8re guerre mondiale. Situ\u00e9e en Allemagne de l\u2019Est, son centre fut tr\u00e8s soigneusement restaur\u00e9 apr\u00e8s la guerre et une universit\u00e9 y fut install\u00e9e. Ses b\u00e2timents, de m\u00e9diocre qualit\u00e9, ont n\u00e9cessit\u00e9 une restructuration compl\u00e8te.<\/p>\n<p>Notre proposition visait \u00e0 retrouver un urbanisme de places, de rues et de jardin organique et riche. Les fa\u00e7ades des b\u00e2timents rythm\u00e9es par de larges d\u00e9vers jouent avec les encorbellements de l\u2019architecture historique de la ville ; leurs toitures aux lignes de faitage bris\u00e9es r\u00e9pondent aux toits des maisons \u00e0 colombage.<\/p>\n<p>Le centre de l\u2019universit\u00e9 est un vaste Forum aux gradins escaladant les auditoriums, faisant face \u00e0 la biblioth\u00e8que qui prend l\u2019image d\u2019un paysage de montagnes.<\/p>\n<hr \/>\n<div class=\"pixcode  pixcode--grid  grid  \">\n\n<p class=\"small\"><div class=\"grid__item lap-four-twelfths\">\n\n<p class=\"small\"><strong>Programme\u00a0:<br \/>\n<\/strong>Restructuration et extension de l\u2019universit\u00e9 technique de Schmalkalden en Thuringe, \u00e0 la suite de la r\u00e9unification allemande.<\/p>\n<p class=\"small\">\n<\/div>\n\n<div class=\"grid__item lap-four-twelfths\">\n\n<p class=\"small\"><strong>Surface\u00a0:<br \/>\n<\/strong>Surface utile totale : 35 560 m\u00b2<\/p>\n<p class=\"small\">Enseignement :<br \/>\n\u00e9lectrotechnique : 5 988 m\u00b2<br \/>\nm\u00e9canique : 6 472 m\u00b2<br \/>\ninformatique : 1 679 m\u00b2<br \/>\ngestion : 1 116 m\u00b2<br \/>\ndroit commercial : 554 m\u00b2<\/p>\n<p class=\"small\">Locaux communs :<br \/>\nAuditoriums : 6 432 m\u00b2<br \/>\nBiblioth\u00e8que : 2 315 m\u00b2<br \/>\nAdministration : 1 910 m\u00b2<\/p>\n<p class=\"small\">Services :<br \/>\nRestauration : 2 500m\u00b2<br \/>\nLogements universitaires : 6 594 m\u00b2<\/p>\n<p class=\"small\">\n<\/div>\n\n<p class=\"small\"><div class=\"grid__item lap-four-twelfths\">\n\n<p class=\"small\"><strong>Ma\u00eetrise d&rsquo;\u0153uvre :<br \/>\n<\/strong>Architectes : Ricardo Porro &amp; Renaud de la Noue<\/p>\n<p class=\"small\">\n<\/div>\n\n\n<\/div>\n\n","protected":false},"excerpt":{"rendered":"<p>&nbsp; \u00a0Description Schmalkalden, ville magnifique \u00e0 l\u2019urbanisme m\u00e9di\u00e9val, fut lourdement bombard\u00e9e durant la derni\u00e8re guerre mondiale. Situ\u00e9e en Allemagne de l\u2019Est, son centre fut tr\u00e8s soigneusement restaur\u00e9 apr\u00e8s la guerre et une universit\u00e9 y fut install\u00e9e. Ses b\u00e2timents, de m\u00e9diocre qualit\u00e9, ont n\u00e9cessit\u00e9 une restructuration compl\u00e8te. Notre proposition visait \u00e0 retrouver un urbanisme de places,..<\/p>\n","protected":false},"author":1,"featured_media":0,"parent":0,"menu_order":0,"comment_status":"closed","ping_status":"closed","template":"","meta":[],"_links":{"self":[{"href":"https:\/\/delanouearchi.fr\/index.php\/wp-json\/wp\/v2\/pages\/2264"}],"collection":[{"href":"https:\/\/delanouearchi.fr\/index.php\/wp-json\/wp\/v2\/pages"}],"about":[{"href":"https:\/\/delanouearchi.fr\/index.php\/wp-json\/wp\/v2\/types\/page"}],"author":[{"embeddable":true,"href":"https:\/\/delanouearchi.fr\/index.php\/wp-json\/wp\/v2\/users\/1"}],"replies":[{"embeddable":true,"href":"https:\/\/delanouearchi.fr\/index.php\/wp-json\/wp\/v2\/comments?post=2264"}],"version-history":[{"count":4,"href":"https:\/\/delanouearchi.fr\/index.php\/wp-json\/wp\/v2\/pages\/2264\/revisions"}],"predecessor-version":[{"id":2274,"href":"https:\/\/delanouearchi.fr\/index.php\/wp-json\/wp\/v2\/pages\/2264\/revisions\/2274"}],"wp:attachment":[{"href":"https:\/\/delanouearchi.fr\/index.php\/wp-json\/wp\/v2\/media?parent=2264"}],"curies":[{"name":"wp","href":"https:\/\/api.w.org\/{rel}","templated":true}]}}