{"id":666,"date":"2017-01-31T12:25:26","date_gmt":"2017-01-31T11:25:26","guid":{"rendered":"http:\/\/delanouearchi.fr\/?page_id=666"},"modified":"2017-02-14T17:42:05","modified_gmt":"2017-02-14T16:42:05","slug":"mureaux2-realisation","status":"publish","type":"page","link":"https:\/\/delanouearchi.fr\/index.php\/mureaux2-realisation\/","title":{"rendered":"mureaux2-r\u00e9alisation"},"content":{"rendered":"<p style=\"text-align: center;\"><a  class=\"pixcode  pixcode--btn  btn  kiko-bouton-on\"  ><i class=\"pixcode  pixcode--icon  icon-camera    small  \"><\/i> R\u00e9alisation<\/a>\n<a  class=\"pixcode  pixcode--btn  btn  kiko-bouton\" href=\"http:\/\/delanouearchi.fr\/index.php\/mureaux2-chantier\/\" ><i class=\"pixcode  pixcode--icon  icon-wrench    small  \"><\/i> Chantier<\/a>\n<a  class=\"pixcode  pixcode--btn  btn  kiko-bouton\" href=\"http:\/\/delanouearchi.fr\/index.php\/mureaux2-conception\/\" ><i class=\"pixcode  pixcode--icon  icon-pencil    small  \"><\/i> Conception<\/a>\n<p>Le b\u00e2timent de long s\u00e9jour du Centre Hospitalier de Meulan-Les-Mureaux regroupe des services de r\u00e9\u00e9ducation fonctionnelle, de soins de suite et r\u00e9adaptation, et de soins de longue dur\u00e9e.<\/p>\n<p>C&rsquo;est le second b\u00e2timent que nous avons r\u00e9alis\u00e9 sur ce site, dans ce beau parc bois\u00e9 ou nous avons construit quelques ann\u00e9es plus t\u00f4t le b\u00e2timent de psychiatrie adulte. Dans les deux cas, une m\u00eame volont\u00e9 de cr\u00e9er une architecture profond\u00e9ment humaniste nous a guid\u00e9, aux antipodes de celle de ces b\u00e2timents hospitaliers r\u00e9cents dont l\u2019image est volontairement clinique et l\u2019organisation uniform\u00e9ment glac\u00e9e. Nous n\u2019avons pas con\u00e7u des machines, mais des lieux de vie, sans pour autant que ces b\u00e2timents soient moins performants ou moins rationnels.<\/p>\n<p>Con\u00e7u sur deux niveaux, ce b\u00e2timent de 165 chambres, se d\u00e9veloppe, comme un organisme vivant, autour d&rsquo;un espace central duel int\u00e9rieur ext\u00e9rieur, \u00ab\u00a0LA PLACE\u00a0\u00bb \u00e0 la foi espace d&rsquo;accueil, de rencontre et de vie. Depuis ce centre trois ailes rayonnent, elles abritent les unit\u00e9s d\u2019hospitalisation et dessinent entre elles de larges jardins. Chaque service est organis\u00e9 autour d\u2019une entit\u00e9 premi\u00e8re : la chambre du patient. Celle-ci adopte des formes vari\u00e9es, s\u2019adaptant \u00e0 la disposition organique du b\u00e2timent. Les circulations sont souples, vari\u00e9es et lumineuses, syst\u00e9matiquement en boucle, afin de permettre la d\u00e9ambulation, la promenade, de faciliter la communication et les rencontres et r\u00e9guli\u00e8rement interrompus par de petits salons et autres lieu de pause.<\/p>\n<p>Directement accessible depuis \u00ab\u00a0La Place\u00a0\u00bb, le plateau technique comprend de nombreuses salles de th\u00e9rapies diverses dont un important secteur de baln\u00e9oth\u00e9rapie. (1\u00b0 bassin de baln\u00e9oth\u00e9rapie trait\u00e9 \u00e0 l&rsquo;ozone en France).<\/p>\n<p>Le Hall, partie couverte de \u00ab\u00a0La Place\u00a0\u00bb est surmont\u00e9 de quatre lanterneaux color\u00e9s, quelques chose d\u2019une fleur g\u00e9om\u00e9tris\u00e9e qui semblent \u00e9maner de la d\u00e9composition d\u2019une sph\u00e8re et cr\u00e9e un mouvement rotatifs et ascendant au centre du b\u00e2timent, un mouvement dynamique et revitalisant. De jour, la lumi\u00e8re aux multiples variations de couleurs qu\u2019ils apportent au c\u0153ur du b\u00e2timent est chaleureuse et r\u00e9jouissante, de nuit, ils apparaissent comme une lanterne magique dans le parc assombri.<br \/>\nLa notion de vitalit\u00e9 s\u2019est impos\u00e9e comme indispensable et nous a guid\u00e9 au cours de l\u2019\u00e9laboration de ce projet. Elle appara\u00eet dans son plan g\u00e9n\u00e9ral et dans le dynamisme et la souplesse des courbes de ses fa\u00e7ades, dans la fluidit\u00e9 de ses espaces int\u00e9rieurs, dans la chaleur des mat\u00e9riaux utilis\u00e9s et dans la conception des circulations irriguant les corps de b\u00e2timent.<\/p>\n<hr \/>\n<div class=\"pixcode  pixcode--grid  grid  \">\n\n<div class=\"grid__item lap-six-twelfths\">\n\n<p class=\"small\"><strong>Ma\u00eetre d&rsquo;ouvrage :<br \/>\n<\/strong>Centre Hospitalier de Meulan-les-Mureaux<\/p>\n<p class=\"small\">Construction neuve, Livraison : 2011.<br \/>\nMission de base Loi MOP + EXE, OPC.<br \/>\nSHON : 13 063 m\u00b2, Surface Utile : 7 958 m\u00b2<br \/>\nMontant des travaux : 25 880 000 \u20ac HT<\/p>\n<p class=\"small\">\n<\/div>\n\n<p class=\"small\"><div class=\"grid__item lap-six-twelfths\">\n\n<p class=\"small\"><strong>Ma\u00eetrise d&rsquo;\u0153uvre :<\/strong><br \/>\nArchitectes : Ricardo Porro &amp; Renaud de La Noue<br \/>\nBET structure et fluides : BETOM<br \/>\nEconomiste : Tohier &amp; Associ\u00e9s<br \/>\nAcoustitien : A.C.V.<br \/>\nMandataire de la Ma\u00eetrise d&rsquo;Oeuvre : R. de La Noue<\/p>\n<p class=\"small\">\n<\/div>\n\n\n<\/div>\n\n","protected":false},"excerpt":{"rendered":"<p>Le b\u00e2timent de long s\u00e9jour du Centre Hospitalier de Meulan-Les-Mureaux regroupe des services de r\u00e9\u00e9ducation fonctionnelle, de soins de suite et r\u00e9adaptation, et de soins de longue dur\u00e9e. C&rsquo;est le second b\u00e2timent que nous avons r\u00e9alis\u00e9 sur ce site, dans ce beau parc bois\u00e9 ou nous avons construit quelques ann\u00e9es plus t\u00f4t le b\u00e2timent de..<\/p>\n","protected":false},"author":1,"featured_media":0,"parent":0,"menu_order":0,"comment_status":"closed","ping_status":"closed","template":"","meta":[],"_links":{"self":[{"href":"https:\/\/delanouearchi.fr\/index.php\/wp-json\/wp\/v2\/pages\/666"}],"collection":[{"href":"https:\/\/delanouearchi.fr\/index.php\/wp-json\/wp\/v2\/pages"}],"about":[{"href":"https:\/\/delanouearchi.fr\/index.php\/wp-json\/wp\/v2\/types\/page"}],"author":[{"embeddable":true,"href":"https:\/\/delanouearchi.fr\/index.php\/wp-json\/wp\/v2\/users\/1"}],"replies":[{"embeddable":true,"href":"https:\/\/delanouearchi.fr\/index.php\/wp-json\/wp\/v2\/comments?post=666"}],"version-history":[{"count":2,"href":"https:\/\/delanouearchi.fr\/index.php\/wp-json\/wp\/v2\/pages\/666\/revisions"}],"predecessor-version":[{"id":676,"href":"https:\/\/delanouearchi.fr\/index.php\/wp-json\/wp\/v2\/pages\/666\/revisions\/676"}],"wp:attachment":[{"href":"https:\/\/delanouearchi.fr\/index.php\/wp-json\/wp\/v2\/media?parent=666"}],"curies":[{"name":"wp","href":"https:\/\/api.w.org\/{rel}","templated":true}]}}