{"id":793,"date":"2017-01-31T14:06:40","date_gmt":"2017-01-31T13:06:40","guid":{"rendered":"http:\/\/delanouearchi.fr\/?page_id=793"},"modified":"2017-02-14T17:49:48","modified_gmt":"2017-02-14T16:49:48","slug":"canteleu-realisation","status":"publish","type":"page","link":"https:\/\/delanouearchi.fr\/index.php\/canteleu-realisation\/","title":{"rendered":"canteleu-r\u00e9alisation"},"content":{"rendered":"<p style=\"text-align: center;\"><a  class=\"pixcode  pixcode--btn  btn  kiko-bouton-on\"  ><i class=\"pixcode  pixcode--icon  icon-camera    small  \"><\/i> Photos<\/a>\n<a  class=\"pixcode  pixcode--btn  btn  kiko-bouton\" href=\"http:\/\/delanouearchi.fr\/index.php\/canteleu-chantier\/\" ><i class=\"pixcode  pixcode--icon  icon-wrench    small  \"><\/i> Chantier<\/a>\n<a  class=\"pixcode  pixcode--btn  btn  kiko-bouton\" href=\"http:\/\/delanouearchi.fr\/index.php\/canteleu-conception\/\" ><i class=\"pixcode  pixcode--icon  icon-pencil    small  \"><\/i> Dessins<\/a>\n<p>&nbsp;<\/p>\n<i class=\"pixcode  pixcode--icon  icon-e-info-circled    medium  \"><\/i> <strong>Description<\/strong><br \/>\nLe lyc\u00e9e h\u00f4telier de Canteleu est install\u00e9 sur le site d\u2019une ancienne \u00e9cole sp\u00e9cialis\u00e9e dont les b\u00e2timents des ann\u00e9es 1970 n\u2019\u00e9taient que des prismes lourds. Certains devaient \u00eatre conserv\u00e9s et r\u00e9habilit\u00e9s, nous y avons plac\u00e9 les salles d\u2019enseignement g\u00e9n\u00e9ral et l\u2019internat. Les locaux d\u2019enseignement technique (cuisines), les restaurants et les grandes salles sont install\u00e9s dans les b\u00e2timents neufs.<\/p>\n<p>Le lyc\u00e9e est organis\u00e9 de part et d\u2019autre d\u2019un axe principal qui en dessert les principaux p\u00f4les depuis l\u2019entr\u00e9e sur la rue. Ce \u00ab Cardo \u00bb est une interpr\u00e9tation actuelle des arcades des passages couvert. Il traverse l\u2019\u00e9tablissement du nord au sud, gravissant la d\u00e9clivit\u00e9 du terrain.<\/p>\n<p>Les anciens b\u00e2timents sont li\u00e9s aux nouveaux en un ensemble organique d\u2019\u00e9l\u00e9ments identifiables, mais n\u00e9anmoins indissociables. Pour cr\u00e9er ces liens, susciter la rencontre et la vie collective nous avons qualifi\u00e9 et hi\u00e9rarchis\u00e9 les espaces et les circulations, nous avons donn\u00e9 \u00e0 ce microcosme un urbanisme de communication.<\/p>\n<hr \/>\n<div class=\"pixcode  pixcode--grid  grid  \">\n\n<p class=\"small\"><div class=\"grid__item lap-four-twelfths\">\n\n<p class=\"small\"><strong>Programme\u00a0:<br \/>\n<\/strong>Lyc\u00e9e H\u00f4telier: 450 \u00e9l\u00e8ves<br \/>\n4 cuisines collectives d&rsquo;initiation et d&rsquo;application, 4 restaurants<br \/>\n1 h\u00f4tel d&rsquo;application ouvert au public<br \/>\n1 internat, 1 espace de congr\u00e8s<br \/>\nauditorium de 120 places, CDI,<br \/>\nsalles de cours et de professeurs,<br \/>\nespaces ext\u00e9rieurs de d\u00e9tente et de loisirs<\/p>\n<p class=\"small\">\n<\/div>\n\n<div class=\"grid__item lap-four-twelfths\">\n\n<p class=\"small\"><strong>Ma\u00eetre d&rsquo;ouvrage :<br \/>\n<\/strong>Conseil R\u00e9gional de Haute Normandie<br \/>\nMandataire du Ma\u00eetre d&rsquo;ouvrage :<br \/>\nRouen Seine Am\u00e9nagement<\/p>\n<p class=\"small\">Mission compl\u00e8te loi MOP<br \/>\nConstruction neuve et r\u00e9habilitation, 2004<br \/>\nSHON : 12 125 m\u00b2<br \/>\nMontant des travaux : 17 800 084 \u20ac H.T.<\/p>\n<p class=\"small\">\n<\/div>\n\n<p class=\"small\"><div class=\"grid__item lap-four-twelfths\">\n\n<p class=\"small\"><strong>Ma\u00eetrise d&rsquo;\u0153uvre :<\/strong><br \/>\nArchitectes : Ricardo Porro &amp; Renaud de La Noue<br \/>\nBET Structure et Fluides, BETCI<br \/>\nEconomie de la construction : Tohier &amp; Associ\u00e9s<br \/>\nBET Cuisines : Phi 2<br \/>\nMandataire de la Ma\u00eetrise d&rsquo;oeuvre : R. de La Noue<\/p>\n<p class=\"small\">\n<\/div>\n\n\n<\/div>\n\n","protected":false},"excerpt":{"rendered":"<p>&nbsp; Description Le lyc\u00e9e h\u00f4telier de Canteleu est install\u00e9 sur le site d\u2019une ancienne \u00e9cole sp\u00e9cialis\u00e9e dont les b\u00e2timents des ann\u00e9es 1970 n\u2019\u00e9taient que des prismes lourds. Certains devaient \u00eatre conserv\u00e9s et r\u00e9habilit\u00e9s, nous y avons plac\u00e9 les salles d\u2019enseignement g\u00e9n\u00e9ral et l\u2019internat. Les locaux d\u2019enseignement technique (cuisines), les restaurants et les grandes salles sont..<\/p>\n","protected":false},"author":1,"featured_media":0,"parent":0,"menu_order":0,"comment_status":"closed","ping_status":"closed","template":"","meta":[],"_links":{"self":[{"href":"https:\/\/delanouearchi.fr\/index.php\/wp-json\/wp\/v2\/pages\/793"}],"collection":[{"href":"https:\/\/delanouearchi.fr\/index.php\/wp-json\/wp\/v2\/pages"}],"about":[{"href":"https:\/\/delanouearchi.fr\/index.php\/wp-json\/wp\/v2\/types\/page"}],"author":[{"embeddable":true,"href":"https:\/\/delanouearchi.fr\/index.php\/wp-json\/wp\/v2\/users\/1"}],"replies":[{"embeddable":true,"href":"https:\/\/delanouearchi.fr\/index.php\/wp-json\/wp\/v2\/comments?post=793"}],"version-history":[{"count":2,"href":"https:\/\/delanouearchi.fr\/index.php\/wp-json\/wp\/v2\/pages\/793\/revisions"}],"predecessor-version":[{"id":1455,"href":"https:\/\/delanouearchi.fr\/index.php\/wp-json\/wp\/v2\/pages\/793\/revisions\/1455"}],"wp:attachment":[{"href":"https:\/\/delanouearchi.fr\/index.php\/wp-json\/wp\/v2\/media?parent=793"}],"curies":[{"name":"wp","href":"https:\/\/api.w.org\/{rel}","templated":true}]}}