{"id":875,"date":"2017-01-31T14:46:59","date_gmt":"2017-01-31T13:46:59","guid":{"rendered":"http:\/\/delanouearchi.fr\/?page_id=875"},"modified":"2017-01-31T21:13:28","modified_gmt":"2017-01-31T20:13:28","slug":"crs-conception","status":"publish","type":"page","link":"https:\/\/delanouearchi.fr\/index.php\/crs-conception\/","title":{"rendered":"crs-conception"},"content":{"rendered":"<p style=\"text-align: center;\"><a  class=\"pixcode  pixcode--btn  btn  kiko-bouton\" href=\"http:\/\/delanouearchi.fr\/index.php\/crs-realisation\/\" ><i class=\"pixcode  pixcode--icon  icon-camera    small  \"><\/i> R\u00e9alisation<\/a>\n<a  class=\"pixcode  pixcode--btn  btn  kiko-bouton\" href=\"http:\/\/delanouearchi.fr\/index.php\/crs-chantier\/\" ><i class=\"pixcode  pixcode--icon  icon-wrench    small  \"><\/i> Chantier<\/a>\n<a  class=\"pixcode  pixcode--btn  btn  kiko-bouton-on\"  ><i class=\"pixcode  pixcode--icon  icon-pencil    small  \"><\/i> Conception<\/a>\n<p>&nbsp;<\/p>\n<i class=\"pixcode  pixcode--icon  icon-e-info-circled    medium  \"><\/i> <strong>Description<\/strong><br \/>\nTrois b\u00e2timents &#8211; un cantonnement de passage de 120 chambres individuelles, un casernement pour une compagnie r\u00e9sidente et un espace de d\u00e9tente et de restauration &#8211; sont les premiers r\u00e9alis\u00e9s d\u2019un ensemble qui, \u00e0 terme, en comprendra six. S\u2019ajoutent deux salles de sport et un stand de tir. Li\u00e9s par de v\u00e9ritables espaces urbains, ces b\u00e2timents expriment par leur architecture la dynamique et la puissance de leurs occupants. Appuy\u00e9s sur une base inclin\u00e9e rappelant les forts militaires de Vauban, ils semblent se projeter vers le ciel et \u00e9clater. Le jeu des poutres saillantes, les mouvements d\u00e9compos\u00e9s des \u00e9l\u00e9ments structurels proches des repr\u00e9sentations futuristes, la superposition des lignes et la d\u00e9structuration des plans sont une interpr\u00e9tation des \u00ab\u00a0batailles\u00a0\u00bb de Paulo Uccello.<\/p>\n<hr \/>\n<div class=\"pixcode  pixcode--grid  grid  \">\n\n<p class=\"small\"><div class=\"grid__item lap-four-twelfths\">\n\n<p class=\"small\"><strong>Programme\u00a0:<br \/>\n<\/strong>Casernement CRS<\/p>\n<p class=\"small\">\n<\/div>\n\n<div class=\"grid__item lap-four-twelfths\">\n\n<p class=\"small\"><strong>Ma\u00eetre d&rsquo;ouvrage :<br \/>\n<\/strong>Minist\u00e8re de l&rsquo;int\u00e9rieur<br \/>\nMandataire du Ma\u00eetre d&rsquo;Ouvrage:<br \/>\nS.G.A.P. de Versailles, Direction technique.<\/p>\n<p class=\"small\">Surface utile : 7 125 m2<br \/>\nMontant des travaux: 10 125 980 \u20ac H.T.<br \/>\nConstruction neuve 1997-2003<\/p>\n<p class=\"small\">\n<\/div>\n\n<p class=\"small\"><div class=\"grid__item lap-four-twelfths\">\n\n<p class=\"small\"><strong>Ma\u00eetrise d&rsquo;\u0153uvre :<\/strong><br \/>\nArchitectes : Ricardo Porro &amp; Renaud de La Noue<br \/>\nEconomiste : J.P. Tohier &amp; Associ\u00e9s<br \/>\nBET: Get Ing\u00e9nierie, Projetud<br \/>\nMandataire de la ma\u00eetrise d\u2019Oeuvre: Renaud de La Noue.<\/p>\n<p class=\"small\">\n<\/div>\n\n\n<\/div>\n\n","protected":false},"excerpt":{"rendered":"<p>&nbsp; Description Trois b\u00e2timents &#8211; un cantonnement de passage de 120 chambres individuelles, un casernement pour une compagnie r\u00e9sidente et un espace de d\u00e9tente et de restauration &#8211; sont les premiers r\u00e9alis\u00e9s d\u2019un ensemble qui, \u00e0 terme, en comprendra six. S\u2019ajoutent deux salles de sport et un stand de tir. Li\u00e9s par de v\u00e9ritables espaces..<\/p>\n","protected":false},"author":1,"featured_media":0,"parent":0,"menu_order":0,"comment_status":"closed","ping_status":"closed","template":"","meta":[],"_links":{"self":[{"href":"https:\/\/delanouearchi.fr\/index.php\/wp-json\/wp\/v2\/pages\/875"}],"collection":[{"href":"https:\/\/delanouearchi.fr\/index.php\/wp-json\/wp\/v2\/pages"}],"about":[{"href":"https:\/\/delanouearchi.fr\/index.php\/wp-json\/wp\/v2\/types\/page"}],"author":[{"embeddable":true,"href":"https:\/\/delanouearchi.fr\/index.php\/wp-json\/wp\/v2\/users\/1"}],"replies":[{"embeddable":true,"href":"https:\/\/delanouearchi.fr\/index.php\/wp-json\/wp\/v2\/comments?post=875"}],"version-history":[{"count":1,"href":"https:\/\/delanouearchi.fr\/index.php\/wp-json\/wp\/v2\/pages\/875\/revisions"}],"predecessor-version":[{"id":876,"href":"https:\/\/delanouearchi.fr\/index.php\/wp-json\/wp\/v2\/pages\/875\/revisions\/876"}],"wp:attachment":[{"href":"https:\/\/delanouearchi.fr\/index.php\/wp-json\/wp\/v2\/media?parent=875"}],"curies":[{"name":"wp","href":"https:\/\/api.w.org\/{rel}","templated":true}]}}