{"id":901,"date":"2017-01-31T15:17:13","date_gmt":"2017-01-31T14:17:13","guid":{"rendered":"http:\/\/delanouearchi.fr\/?page_id=901"},"modified":"2017-02-27T16:54:48","modified_gmt":"2017-02-27T15:54:48","slug":"courneuve-realisation","status":"publish","type":"page","link":"https:\/\/delanouearchi.fr\/index.php\/courneuve-realisation\/","title":{"rendered":"courneuve-r\u00e9alisation"},"content":{"rendered":"<p style=\"text-align: center;\"><a  class=\"pixcode  pixcode--btn  btn  kiko-bouton-on\"  ><i class=\"pixcode  pixcode--icon  icon-camera    small  \"><\/i> R\u00e9alisation<\/a>\n<a  class=\"pixcode  pixcode--btn  btn  kiko-bouton\" href=\"http:\/\/delanouearchi.fr\/index.php\/courneuve-conception\/\" ><i class=\"pixcode  pixcode--icon  icon-pencil    small  \"><\/i> Conception<\/a>\n<p>&nbsp;<\/p>\n<i class=\"pixcode  pixcode--icon  icon-e-info-circled    medium  \"><\/i> <strong>Description<\/strong><br \/>\nR\u00e9alis\u00e9 \u00e0 l\u2019int\u00e9rieur de la cite des 4000 \u00e0 La Courneuve, \u00e0 l\u2019emplacement exact d\u2019une gigantesque barre d\u00e9truite par implosion peu auparavant, cet ensemble de 102 logements sociaux est un manifeste d\u2019urbanit\u00e9 dans ce quartier o\u00f9 se concentrent les m\u00e9faits de l\u2019urbanisme pr\u00f4n\u00e9 par la charte d\u2019Ath\u00e8nes.<\/p>\n<p>Trois b\u00e2timents entourent une place pi\u00e9tonne sur laquelle s\u2019ouvrent leurs acc\u00e8s. Cet espace de vie et de rencontre, lieu collectif, est bord\u00e9 par des jardins privatifs prot\u00e9g\u00e9s par des murs. Lentement la v\u00e9g\u00e9tation d\u00e9passera leur niveau et cr\u00e9era un filtre entre cette place et les b\u00e2timents.<\/p>\n<p>Les logements du studio au 5 pi\u00e8ces, r\u00e9partis sur 4 \u00e9tages dont les deux sup\u00e9rieurs sont occup\u00e9s par des duplex, offrent une tr\u00e8s grande vari\u00e9t\u00e9 de disposition int\u00e9rieure qui facilite l\u2019appropriation du lieu par ses occupants.<\/p>\n<p>Les fa\u00e7ades noires, rouges et blanches ondulantes, lisses sur la place, ouvertes sur des terrasses saillantes vers l\u2019ext\u00e9rieur, affirment cette architecture romantique dans l\u2019univers glac\u00e9 et hors d\u2019\u00e9chelle du quartier.<\/p>\n<hr \/>\n<div class=\"pixcode  pixcode--grid  grid  \">\n\n<p class=\"small\"><div class=\"grid__item lap-four-twelfths\">\n\n<p class=\"small\"><strong>Programme\u00a0:<br \/>\n<\/strong>102 logements sociaux<\/p>\n<p class=\"small\">\n<\/div>\n\n<div class=\"grid__item lap-four-twelfths\">\n\n<p class=\"small\"><strong>Ma\u00eetre d&rsquo;ouvrage :<br \/>\n<\/strong>SODEDAT 93<\/p>\n<p class=\"small\">Concours : Janvier 1992<br \/>\nR\u00e9alisation : 1995.<br \/>\nSurface utile : 7.699 m\u00b2<br \/>\nSurface HON : 9.383 m\u00b2<br \/>\nMontant des travaux : 37.224.041 Francs (1995).<\/p>\n<p class=\"small\">\n<\/div>\n\n<p class=\"small\"><div class=\"grid__item lap-four-twelfths\">\n\n<p class=\"small\"><strong>Ma\u00eetrise d&rsquo;\u0153uvre :<br \/>\n<\/strong>Ricardo Porro &amp; Renaud de La Noue, architectes d.p.l.g.<br \/>\nMandataire de la ma\u00eetrise d\u2019\u0153uvre : Renaud de La Noue.<\/p>\n<p class=\"small\">OGER International, B.E.T. structure et fluides.<br \/>\nTohier S.A., Economie de la Construction.<\/p>\n<p class=\"small\">Entreprise G\u00e9n\u00e9rale : Soci\u00e9t\u00e9 Atlantique de Travaux S.A.T.<\/p>\n<p class=\"small\">\n<\/div>\n\n\n<\/div>\n\n","protected":false},"excerpt":{"rendered":"<p>&nbsp; Description R\u00e9alis\u00e9 \u00e0 l\u2019int\u00e9rieur de la cite des 4000 \u00e0 La Courneuve, \u00e0 l\u2019emplacement exact d\u2019une gigantesque barre d\u00e9truite par implosion peu auparavant, cet ensemble de 102 logements sociaux est un manifeste d\u2019urbanit\u00e9 dans ce quartier o\u00f9 se concentrent les m\u00e9faits de l\u2019urbanisme pr\u00f4n\u00e9 par la charte d\u2019Ath\u00e8nes. Trois b\u00e2timents entourent une place pi\u00e9tonne..<\/p>\n","protected":false},"author":1,"featured_media":0,"parent":0,"menu_order":0,"comment_status":"closed","ping_status":"closed","template":"","meta":[],"_links":{"self":[{"href":"https:\/\/delanouearchi.fr\/index.php\/wp-json\/wp\/v2\/pages\/901"}],"collection":[{"href":"https:\/\/delanouearchi.fr\/index.php\/wp-json\/wp\/v2\/pages"}],"about":[{"href":"https:\/\/delanouearchi.fr\/index.php\/wp-json\/wp\/v2\/types\/page"}],"author":[{"embeddable":true,"href":"https:\/\/delanouearchi.fr\/index.php\/wp-json\/wp\/v2\/users\/1"}],"replies":[{"embeddable":true,"href":"https:\/\/delanouearchi.fr\/index.php\/wp-json\/wp\/v2\/comments?post=901"}],"version-history":[{"count":1,"href":"https:\/\/delanouearchi.fr\/index.php\/wp-json\/wp\/v2\/pages\/901\/revisions"}],"predecessor-version":[{"id":902,"href":"https:\/\/delanouearchi.fr\/index.php\/wp-json\/wp\/v2\/pages\/901\/revisions\/902"}],"wp:attachment":[{"href":"https:\/\/delanouearchi.fr\/index.php\/wp-json\/wp\/v2\/media?parent=901"}],"curies":[{"name":"wp","href":"https:\/\/api.w.org\/{rel}","templated":true}]}}