{"id":964,"date":"2017-01-31T15:44:18","date_gmt":"2017-01-31T14:44:18","guid":{"rendered":"http:\/\/delanouearchi.fr\/?page_id=964"},"modified":"2017-03-29T12:12:55","modified_gmt":"2017-03-29T11:12:55","slug":"argeles-conception","status":"publish","type":"page","link":"https:\/\/delanouearchi.fr\/index.php\/argeles-conception\/","title":{"rendered":"argeles-conception"},"content":{"rendered":"<p style=\"text-align: center;\"><a  class=\"pixcode  pixcode--btn  btn  kiko-projets\" href=\"http:\/\/delanouearchi.fr\/index.php\/frontpage\/projets\/\" ><i class=\"pixcode  pixcode--icon  icon-th    small  \"><\/i> Projets<\/a>\n<p>&nbsp;<\/p>\n<i class=\"pixcode  pixcode--icon  icon-e-info-circled    medium  \"><\/i> <strong>Description<\/strong><\/p>\n<p>Dans le paysage de la cote Pyr\u00e9n\u00e9enne, entre mer et montagne, le lyc\u00e9e s\u2019inscrit de mani\u00e8re contextuelle et volontaire, comme une forteresse. Il para\u00eet serein, r\u00e2bl\u00e9. Sur ses murs de pierres ocres, rythm\u00e9s par les ombres des brises soleil et des oriels, les courbes larges et douces des toitures cintr\u00e9es du brun profond de l\u2019acier \u00ab corten \u00bb cr\u00e9ent un horizon puissant et tranquille.<\/p>\n<p>De pr\u00e8s, il se r\u00e9v\u00e8le ouvert, dynamique, et poreux. Les espaces interstitiels deviennent des places et des jardins. Les proues des volumes s\u2019avancent volontairement. Sous les toitures apparaissent de larges transparences, des profondeurs et des ouvertures insoup\u00e7onn\u00e9es. Les courbes des b\u00e2timents, comme les rugosit\u00e9s de la pierre de fa\u00e7ade, jouent \u00e0 attraper la lumi\u00e8re en des d\u00e9grad\u00e9s subtils et infiniment vari\u00e9s.<\/p>\n<hr \/>\n<div class=\"pixcode  pixcode--grid  grid  \">\n\n<p class=\"small\"><div class=\"grid__item lap-four-twelfths\">\n\n<p class=\"small\"><strong>Programme\u00a0:<br \/>\n<\/strong>Lyc\u00e9e Polyvalent pour 1 720 \u00e9l\u00e8ves<br \/>\nEnseignement G\u00e9n\u00e9ral, H\u00f4telier et Tertiaire<\/p>\n<p class=\"small\">\n<\/div>\n\n<div class=\"grid__item lap-four-twelfths\">\n\n<p class=\"small\"><strong>Ma\u00eetre d&rsquo;ouvrage :<br \/>\n<\/strong>R\u00e9gion Languedoc-Roussillon<br \/>\nMandataire : Languedoc-Roussillon Am\u00e9nagement<\/p>\n<p class=\"small\">SHON : \u00a025 400 m\u00b2, \u00a0Surface Utile : 18 400 m\u00b2<br \/>\nEstimation pr\u00e9visionnelle : 43 400 000 \u20ac H.T.<br \/>\nConcours 2011<\/p>\n<p class=\"small\">\n<\/div>\n\n<p class=\"small\"><div class=\"grid__item lap-four-twelfths\">\n\n<p class=\"small\"><strong>Ma\u00eetrise d&rsquo;\u0153uvre :<br \/>\n<\/strong>Architectes : Ricardo Porro &amp; Renaud de La Noue<br \/>\nBET structure et fluides, \u00e9conomiste : BETOM<br \/>\nPaygiste : Phusis<br \/>\nBET cuisine: BEGC<\/p>\n<p class=\"small\">\n<\/div>\n\n\n<\/div>\n\n","protected":false},"excerpt":{"rendered":"<p>&nbsp; Description Dans le paysage de la cote Pyr\u00e9n\u00e9enne, entre mer et montagne, le lyc\u00e9e s\u2019inscrit de mani\u00e8re contextuelle et volontaire, comme une forteresse. Il para\u00eet serein, r\u00e2bl\u00e9. Sur ses murs de pierres ocres, rythm\u00e9s par les ombres des brises soleil et des oriels, les courbes larges et douces des toitures cintr\u00e9es du brun profond..<\/p>\n","protected":false},"author":1,"featured_media":0,"parent":0,"menu_order":0,"comment_status":"closed","ping_status":"closed","template":"","meta":[],"_links":{"self":[{"href":"https:\/\/delanouearchi.fr\/index.php\/wp-json\/wp\/v2\/pages\/964"}],"collection":[{"href":"https:\/\/delanouearchi.fr\/index.php\/wp-json\/wp\/v2\/pages"}],"about":[{"href":"https:\/\/delanouearchi.fr\/index.php\/wp-json\/wp\/v2\/types\/page"}],"author":[{"embeddable":true,"href":"https:\/\/delanouearchi.fr\/index.php\/wp-json\/wp\/v2\/users\/1"}],"replies":[{"embeddable":true,"href":"https:\/\/delanouearchi.fr\/index.php\/wp-json\/wp\/v2\/comments?post=964"}],"version-history":[{"count":4,"href":"https:\/\/delanouearchi.fr\/index.php\/wp-json\/wp\/v2\/pages\/964\/revisions"}],"predecessor-version":[{"id":2099,"href":"https:\/\/delanouearchi.fr\/index.php\/wp-json\/wp\/v2\/pages\/964\/revisions\/2099"}],"wp:attachment":[{"href":"https:\/\/delanouearchi.fr\/index.php\/wp-json\/wp\/v2\/media?parent=964"}],"curies":[{"name":"wp","href":"https:\/\/api.w.org\/{rel}","templated":true}]}}